ainder when 159 is divided by 74?
11
What is the remainder when 546 is divided by 79?
72
What is the remainder when 331 is divided by 42?
37
What is the remainder when 161 is divided by 17?
8
What is the remainder when 759 is divided by 50?
9
What is the remainder when 149 is divided by 12?
5
Calculate the remainder when 440 is divided by 16.
8
Calculate the remainder when 292 is divided by 142.
8
What is the remainder when 1067 is divided by 47?
33
Calculate the remainder when 5753 is divided by 80.
73
Calculate the remainder when 1791 is divided by 21.
6
What is the remainder when 124 is divided by 18?
16
What is the remainder when 422 is divided by 86?
78
What is the remainder when 349 is divided by 13?
11
Calculate the remainder when 600 is divided by 89.
66
Calculate the remainder when 1874 is divided by 465.
14
Calculate the remainder when 4717 is divided by 1570.
7
Calculate the remainder when 49 is divided by 13.
10
Calculate the remainder when 304 is divided by 99.
7
What is the remainder when 18 is divided by 18?
0
Calculate the remainder when 369 is divided by 37.
36
What is the remainder when 10063 is divided by 34?
33
Calculate the remainder when 466 is divided by 119.
109
Calculate the remainder when 81 is divided by 5.
1
What is the remainder when 2 is divided by 2?
0
Calculate the remainder when 245 is divided by 19.
17
What is the remainder when 99 is divided by 33?
0
Calculate the remainder when 1057 is divided by 27.
4
Calculate the remainder when 54 is divided by 6.
0
Calculate the remainder when 168 is divided by 23.
7
Calculate the remainder when 34 is divided by 5.
4
What is the remainder when 852 is divided by 283?
3
Calculate the remainder when 476 is divided by 37.
32
What is the remainder when 421 is divided by 123?
52
Calculate the remainder when 655 is divided by 9.
7
What is the remainder when 96 is divided by 4?
0
What is the remainder when 194 is divided by 9?
5
What is the remainder when 2172 is divided by 137?
117
What is the remainder when 574 is divided by 8?
6
Calculate the remainder when 137 is divided by 93.
44
Calculate the remainder when 62 is divided by 25.
12
What is the remainder when 6397 is divided by 64?
61
Calculate the remainder when 206 is divided by 70.
66
What is the remainder when 1223 is divided by 406?
5
Calculate the remainder when 137 is divided by 85.
52
Calculate the remainder when 1097 is divided by 220.
217
What is the remainder when 192 is divided by 85?
22
Calculate the remainder when 149 is divided by 6.
5
What is the remainder when 148 is divided by 46?
10
What is the remainder when 165 is divided by 86?
79
Calculate the remainder when 23 is divided by 14.
9
Calculate the remainder when 257 is divided by 10.
7
What is the remainder when 1422 is divided by 119?
113
What is the remainder when 438 is divided by 168?
102
What is the remainder when 769 is divided by 98?
83
What is the remainder when 43 is divided by 42?
1
What is the remainder when 225 is divided by 68?
21
What is the remainder when 3301 is divided by 1095?
16
Calculate the remainder when 79 is divided by 57.
22
Calculate the remainder when 277 is divided by 20.
17
What is the remainder when 672 is divided by 170?
162
What is the remainder when 138 is divided by 31?
14
What is the remainder when 1883 is divided by 236?
231
What is the remainder when 126 is divided by 36?
18
Calculate the remainder when 2685 is divided by 16.
13
What is the remainder when 29441 is divided by 21?
20
What is the remainder when 337 is divided by 72?
49
What is the remainder when 283 is divided by 72?
67
What is the remainder when 352 is divided by 59?
57
Calculate the remainder when 591 is divided by 74.
73
Calculate the remainder when 197 is divided by 38.
7
Calculate the remainder when 93 is divided by 49.
44
What is the remainder when 40 is divided by 14?
12
Calculate the remainder when 37 is divided by 5.
2
What is the remainder when 784 is divided by 99?
91
What is the remainder when 640 is divided by 116?
60
What is the remainder when 861 is divided by 14?
7
Calculate the remainder when 5774 is divided by 24.
14
What is the remainder when 24048 is divided by 26?
24
What is the remainder when 279 is divided by 8?
7
What is the remainder when 178 is divided by 61?
56
What is the remainder when 722 is divided by 21?
8
Calculate the remainder when 10795 is divided by 45.
40
Calculate the remainder when 3419 is divided by 243.
17
What is the remainder when 159 is divided by 13?
3
Calculate the remainder when 22 is divided by 9.
4
What is the remainder when 47 is divided by 4?
3
Calculate the remainder when 62 is divided by 7.
6
Calculate the remainder when 139 is divided by 68.
3
What is the remainder when 103 is divided by 93?
10
What is the remainder when 593 is divided by 237?
119
What is the remainder when 1062 is divided by 153?
144
What is the remainder when 301 is divided by 77?
70
Calculate the remainder when 365 is divided by 70.
15
What is the remainder when 570 is divided by 52?
50
Calculate the remainder when 227 is divided by 77.
73
What is the remainder when 52 is divided by 9?
7
Calculate the remainder when 3429 is divided by 44.
41
What is the remainder when 4425 is divided by 317?
304
What is the remainder when 172 is divided by 22?
18
Calculate the remainder when 718 is divided by 90.
88
Calculate the remainder when 635 is divided by 13.
11
Calculate the remainder when 672 is divided by 208.
48
What is the remainder when 119 is divided by 9?
2
What is the remainder when 320 is divided by 19?
16
What is the remainder when 1297 is divided by 93?
88
What is the remainder when 1774 is divided by 569?
67
What is the remainder when 120 is divided by 16?
8
Calculate the remainder when 576 is divided by 148.
132
What is the remainder when 670 is divided by 255?
160
Calculate the remainder when 413 is divided by 38.
33
Calculate the remainder when 4556 is divided by 42.
20
What is the remainder when 60 is divided by 18?
6
What is the remainder when 1137 is divided by 227?
2
Calculate the remainder when 79 is divided by 16.
15
Calculate the remainder when 6767 is divided by 36.
35
Calculate the remainder when 1805 is divided by 598.
11
Calculate the remainder when 375 is divided by 27.
24
Calculate the remainder when 386 is divided by 10.
6
Calculate the remainder when 103 is divided by 25.
3
Calculate the remainder when 236 is divided by 59.
0
What is the remainder when 75 is divided by 11?
9
Calculate the remainder when 2715 is divided by 96.
27
Calculate the remainder when 284 is divided by 15.
14
What is the remainder when 32 is divided by 30?
2
Calculate the remainder when 182 is divided by 21.
14
What is the remainder when 1773 is divided by 312?
213
Calculate the remainder when 2113 is divided by 2100.
13
Calculate the remainder when 36258 is divided by 49.
47
Calculate the remainder when 95 is divided by 53.
42
Calculate the remainder when 122 is divided by 43.
36
Calculate the remainder when 23 is divided by 10.
3
What is the remainder when 26 is divided by 4?
2
What is the remainder when 455 is divided by 152?
151
What is the remainder when 755 is divided by 366?
23
What is the remainder when 1426 is divided by 110?
106
What is the remainder when 4397 is divided by 22?
19
What is the remainder when 344 is divided by 35?
29
What is the remainder when 79 is divided by 13?
1
Calculate the remainder when 274 is divided by 69.
67
Calculate the remainder when 596 is divided by 10.
6
What is the remainder when 117 is divided by 40?
37
What is the remainder when 567 is divided by 32?
23
Calculate the remainder when 2854 is divided by 84.
82
Calculate the remainder when 129 is divided by 29.
13
Calculate the remainder when 81 is divided by 24.
9
Calculate the remainder when 147 is divided by 22.
15
What is the remainder when 67 is divided by 26?
15
What is the remainder when 999 is divided by 11?
9
Calculate the remainder when 300 is divided by 9.
3
What is the remainder when 115 is divided by 46?
23
What is the remainder when 365 is divided by 36?
5
What is the remainder when 185 is divided by 87?
11
What is the remainder when 479 is divided by 164?
151
Calculate the remainder when 708 is divided by 17.
11
Calculate the re